e 16) to base 4.
10302232123
Convert -219210 (base 10) to base 8.
-654112
Convert 23330410 (base 5) to base 10.
214480
Convert -16623605 (base 8) to base 6.
-215031513
What is -625168 (base 10) in base 9?
-1152511
What is -21122102212022 (base 3) in base 4?
-33200001302
-4616653 (base 7) to base 8
-2145345
What is 4434109 (base 12) in base 4?
301213322121
-35a728 (base 11) to base 7
-4564253
Convert 176833 (base 9) to base 12.
53810
What is 1347423 (base 8) in base 11?
240023
Convert 12642320 (base 8) to base 13.
783910
Convert 11323205 (base 6) to base 7.
3000563
What is 2475637 (base 14) in base 4?
1002233003101
Convert -b2a55 (base 12) to base 11.
-14a110
42241412 (base 5) to base 4
1112013130
Convert -201012220102 (base 3) to base 13.
-103247
-6687277 (base 11) to base 13
-2575875
200112333 (base 4) to base 9
221730
What is -1202101222200 (base 3) in base 12?
-38bbb3
28332 (base 14) to base 3
12001101002
19357 (base 16) to base 2
11001001101010111
Convert -2fa23 (base 16) to base 12.
-94aab
What is -a772b (base 12) in base 8?
-656523
-102a6 (base 13) to base 7
-150436
-21aa59c (base 13) to base 7
-153555502
Convert 13f01 (base 16) to base 12.
3b315
What is -11469 (base 10) in base 4?
-2303031
What is 45467 (base 16) in base 11?
184206
-5800b (base 16) to base 8
-1300013
-2244032 (base 6) to base 5
-12134212
-108791 (base 10) to base 15
-2237b
-1183268 (base 9) to base 5
-131123024
What is 10100110001111000001011 (base 2) in base 8?
24617013
1001010111010111110 (base 2) to base 14
7db9c
Convert -2b1a0 (base 12) to base 3.
-10002022210
-320132114 (base 5) to base 8
-5054241
What is -3cd8d (base 15) in base 10?
-195433
1187a75 (base 11) to base 3
10212200021020
-2411651 (base 8) to base 16
-a13a9
Convert -2e50d (base 15) to base 9.
-247234
Convert -3bb8b9 (base 12) to base 11.
-61a529
Convert -130304133 (base 6) to base 11.
-1488110
Convert -6bb12 (base 14) to base 15.
-52d37
What is -111000440 (base 5) in base 6?
-14215011
Convert -1905995 (base 13) to base 12.
-28a6502
What is -3310012131 (base 4) in base 2?
-11110100000110011101
What is 948780 (base 10) in base 7?
11031060
What is -2bb840b (base 12) in base 4?
-202021131023
Convert -844040 (base 10) to base 2.
-11001110000100001000
Convert b696a (base 16) to base 7.
6233262
What is 123340 (base 11) in base 6?
4101313
Convert 232002031 (base 4) to base 6.
4012541
-1212113331 (base 4) to base 10
-419325
-4a3cb9 (base 14) to base 12
-a295b7
Convert -919a74 (base 16) to base 4.
-210121221310
Convert -110120012 (base 4) to base 7.
-465221
What is -2582f (base 16) in base 8?
-454057
Convert 24130564 (base 7) to base 13.
59cc5c
What is 357685 (base 10) in base 13?
c6a63
What is -1334002 (base 6) in base 7?
-430616
Convert 11202112222 (base 3) to base 2.
10110111000010100
What is 4646254 (base 7) in base 2?
10001110011001000101
What is -11636152 (base 8) in base 13?
-6c0529
What is -355fb (base 16) in base 11?
-13a285
-24dc7 (base 14) to base 16
-161a3
-1337975 (base 10) to base 16
-146a77
What is -3748a2 (base 14) in base 7?
-22051662
6126716 (base 8) to base 7
16514221
What is -35045222 (base 6) in base 13?
-2ba429
What is 320233101 (base 5) in base 3?
2111220112121
What is 222133320 (base 4) in base 15?
3689c
Convert -4431014 (base 6) to base 9.
-367271
Convert -100014410 (base 5) to base 4.
-1133222233
-10011110000001110010 (base 2) to base 12
-272702
Convert 10101000011110010100101 (base 2) to base 12.
1a22919
What is -5484726 (base 9) in base 8?
-13200424
Convert 139b9b2 (base 15) to base 13.
2c1baaa
Convert -3360346 (base 8) to base 7.
-10505504
-11100431 (base 5) to base 11
-66964
Convert -a2ae7 (base 15) to base 2.
-1111101110110001011
Convert 1b1ca (base 13) to base 5.
3144223
Convert 311a1a (base 12) to base 3.
1110010211011
What is 201113 (base 12) in base 2?
1111001111101011111
4421733 (base 9) to base 3
11110201211010
209bb9 (base 15) to base 10
1551774
Convert 1217173 (base 8) to base 14.
8a391
106679 (base 10) to base 16
1a0b7
What is -450a16 (base 11) in base 16?
-af72c
Convert -213113221 (base 4) to base 8.
-472751
20230322 (base 4) to base 2
1000101100111010
Convert 134443123 (base 6) to base 16.
29dafb
Convert -404142 (base 6) to base 14.
-b95c
721051 (base 8) to base 4
322020221
Convert -186442 (base 9) to base 8.
-343061
-120102022221012 (base 3) to base 2
-11111010000101001010000
Convert -653000 (base 7) to base 4.
-123303110
-3a2221 (base 16) to base 4
-32202020201
-372520 (base 8) to base 12
-62328
Convert -10ff3 (base 16) to base 2.
-10000111111110011
-1660203 (base 7) to base 9
-384546
-60224f (base 16) to base 10
-6300239
What is -119308 (base 16) in base 11?
-717368
Convert -52015262 (base 7) to base 3.
-22012101001102
What is 176208 (base 9) in base 3?
12120020022
a169b (base 15) to base 12
207955
Convert -12201020000 (base 3) to base 8.
-333454
Convert -26525615 (base 7) to base 5.
-1111200323
Convert 1203103211 (base 4) to base 3.
202122222002
5892b (base 14) to base 16
34b1b
-100000010010110101 (base 2) to base 11
-90422
What is 238bb (base 12) in base 7?
256541
4a0d (base 14) to base 10
12949
What is -100110010001010011001 (base 2) in base 12?
-505875
Convert 82ed4 (base 16) to base 13.
15a130
-216a230 (base 11) to base 7
-44230025
Convert -131a25b (base 12) to base 6.
-212453355
What is -2111101201101 (base 3) in base 4?
-11003313232
What is 1eb87b (base 15) in base 5?
341212131
What is 177157 (base 13) in base 8?
2172130
Convert 2100243414 (base 5) to base 3.
22002202212112
Convert -30360 (base 10) to base 11.
-208a0
8b266 (base 12) to base 8
551656
2377378 (base 10) to base 11
1384183
Convert -1201010212010 (base 3) to base 5.
-213030404
What is -5414334 (base 8) in base 2?
-101100001100011011100
11101001011101001 (base 2) to base 11
81893
Convert -4031 (base 14) to base 4.
-2230023
-123133122 (base 4) to base 6
-2225150
-14453511 (base 6) to base 4
-1323102103
-68389 (base 16) to base 7
-3425401
5d1a5 (base 14) to base 15
478b3
10422213 (base 5) to base 15
1c4a8
Convert 123642 (base 10) to base 14.
330b8
What is b5bc7 (base 13) in base 4?
1033320022
-29695b (base 15) to base 3
-10202110000012
Convert -3007453 (base 8) to base 14.
-168031
What is -24b90 (base 15) in base 12?
-57b00
What is 235422 (base 6) in base 12?
bb72
What is 4ba347 (base 12) in base 7?
13356430
Convert 101040244 (base 5) to base 8.
1436370
Convert 323d45 (base 14) to base 9.
3172471
What is -1102120112 (base 3) in base 15?
-84eb
-67b23 (base 13) to base 15
-3ad58
What is 4b3dd (base 14) in base 16?
2d137
27d5be (base 15) to base 12
786168
Convert -22365123 (base 7) to base 12.
-79ba80
What is 131230321 (base 4) in base 2?
11101101100111001
25669 (base 15) to base 9
202020
Convert 266329 (base 11) to base 12.
182108
-4003630 (base 7) to base 8
-1631604
Convert 5893415 (base 11) to base 3.
201100101220102
Convert -ef309 (base 16) to base 3.
-1211202220222
2143244023 (base 5) to base 14
89638d
Convert 1201200200 (base 4) to base 14.
a57a0
Convert -273975 (base 10) to base 5.
-32231400
Convert 4137271 (base 8) to base 15.
16a251
Convert 20a82 (base 12) to base 14.
11962
What is -11101010000010110 (base 2) in base 4?
-131100112
7741233 (base 8) to base 13
57b525
What is 111113213233 (base 4) in base 16?
5579ef
120000000 (base 3) to base 5
322220
Convert -1ca38 (base 13) to base 16.
-dd56
What is -228860 (base 9) in base 2?
-100001101000011010
Convert -1766150 (base 11) to base 6.
-144105222
Convert -111011011101011111 (base 2) to base 3.
-110101002102
Convert 7789 (base 13) to base 9.
24777
Convert 8558847 (base 9) to base 2.
10001011111101001110101
Convert -1018a0 (base 11) to base 15.
-33675
-52113050 (base 6) to base 15
-1ea3cc
12c7b (base 14) to base 11
31920
-743172 (base 8) to base 14
-6624a
-10465602 (base 7) to base 16
-dd7b4
What is 23411420 (base 8) in base 9?
10557688
Convert 11000011111001110000100 (base 2) to base 7.
105364153
Convert -111100001110011000 (base 2) to base 15.
-4d155
548306 (base 9) to base 13
b6139
-234430 (base 7) to base 5
-2324111
Convert -396e9 (base 16) to base 15.
-49a7b
Convert 54c7 (base 16) to base 6.
244251
Convert -20301100 (base 5) to base 6.
-3315251
-15601563 (base 7) to base 13
-40ca2b
260532 (base 9) to base 15
31bb8
Convert -3cc1b9 (base 15) to